783 prime?
True
Is 18989 a composite number?
True
Is 8059 prime?
True
Is 145567 composite?
True
Is 1755101 a composite number?
False
Is 138863 a composite number?
False
Is 2999 prime?
True
Is 9391 composite?
False
Is 13289 a prime number?
False
Is 267779 a prime number?
False
Is 96353 a prime number?
True
Is 22807 composite?
False
Is 1507 a prime number?
False
Is 6927 prime?
False
Is 142853 composite?
True
Is 12619 a composite number?
False
Is 81611 composite?
False
Is 21953 a composite number?
True
Is 2389 composite?
False
Is 12323 prime?
True
Is 983 a composite number?
False
Is 1517183 a prime number?
False
Is 24169 composite?
False
Is 17159 prime?
True
Is 4169 a prime number?
False
Is 246469 prime?
True
Is 1277153 composite?
True
Is 13343 prime?
False
Is 9143 a composite number?
True
Is 305917 prime?
True
Is 1395659 a composite number?
False
Is 81053 a prime number?
False
Is 4679 prime?
True
Is 373487 a prime number?
True
Is 34537 prime?
True
Is 2963 a prime number?
True
Is 29201 composite?
False
Is 62993 composite?
True
Is 2749 composite?
False
Is 254843 a composite number?
True
Is 383803 composite?
True
Is 984527 a prime number?
False
Is 218357 a prime number?
True
Is 2495 prime?
False
Is 7971 a prime number?
False
Is 176179 a prime number?
True
Is 694717 prime?
True
Is 103319 composite?
False
Is 275227 a prime number?
True
Is 52361 a composite number?
False
Is 5469 prime?
False
Is 91079 a prime number?
True
Is 10453 a composite number?
False
Is 157769 prime?
True
Is 44601 prime?
False
Is 269747 a prime number?
False
Is 38345 composite?
True
Is 233657 composite?
True
Is 93163 a prime number?
False
Is 4391 a prime number?
True
Is 3271 a composite number?
False
Is 104129 a prime number?
False
Is 337153 prime?
True
Is 169751 a composite number?
False
Is 15421 composite?
True
Is 706421 prime?
False
Is 20249 composite?
False
Is 244087 prime?
True
Is 93091 a composite number?
True
Is 71215 composite?
True
Is 57543 a composite number?
True
Is 63877 prime?
False
Is 21653 prime?
False
Is 47181 composite?
True
Is 5993 composite?
True
Is 1361 composite?
False
Is 15143 a prime number?
False
Is 251947 a composite number?
False
Is 101419 a prime number?
True
Is 30593 prime?
True
Is 72577 prime?
True
Is 120269 a composite number?
True
Is 47903 composite?
False
Is 114055 prime?
False
Is 2833 a composite number?
False
Is 98206 prime?
False
Is 29477 composite?
True
Is 4441 prime?
True
Is 30298 composite?
True
Is 947449 a composite number?
False
Is 10453 composite?
False
Is 49963 composite?
True
Is 43753 composite?
False
Is 104189 composite?
True
Is 50793 a prime number?
False
Is 6623 a composite number?
True
Is 107807 a composite number?
True
Is 15437 composite?
True
Is 736477 a composite number?
True
Is 267517 composite?
False
Is 20179 a prime number?
False
Is 30055 a composite number?
True
Is 49193 a composite number?
False
Is 7319 a prime number?
False
Is 99901 composite?
False
Is 443965 prime?
False
Is 21683 composite?
False
Is 28133 prime?
False
Is 1941 prime?
False
Is 113429 a prime number?
False
Is 167381 composite?
False
Is 2243 a composite number?
False
Is 460669 composite?
True
Is 574217 a prime number?
False
Is 123527 a composite number?
False
Is 17033 composite?
False
Is 1001363 composite?
True
Is 109334 a prime number?
False
Is 31987 composite?
True
Is 8891 composite?
True
Is 918371 a composite number?
False
Is 178681 a composite number?
False
Is 67531 composite?
False
Is 42079 a prime number?
False
Is 30127 a composite number?
True
Is 25097 a prime number?
True
Is 66883 prime?
True
Is 3449 composite?
False
Is 9619 a prime number?
True
Is 291427 prime?
False
Is 30655 composite?
True
Is 13369 prime?
False
Is 60037 prime?
True
Is 103459 a prime number?
False
Is 12677 prime?
False
Is 279859 composite?
True
Is 421241 a prime number?
True
Is 2867387 prime?
False
Is 246009 a composite number?
True
Is 91909 composite?
False
Is 143 prime?
False
Is 29069 a prime number?
False
Is 1469 a prime number?
False
Is 744119 a prime number?
False
Is 1397 a prime number?
False
Is 6143 a prime number?
True
Is 261557 composite?
False
Is 2473 a prime number?
True
Is 213117 a prime number?
False
Is 159157 a composite number?
False
Is 22411 prime?
False
Is 123107 prime?
False
Is 3089 a composite number?
False
Is 30755 a composite number?
True
Is 96423 prime?
False
Is 36415 prime?
False
Is 10133 prime?
True
Is 122217 a composite number?
True
Is 838157 composite?
False
Is 153227 prime?
False
Is 23459 prime?
True
Is 26473 prime?
False
Is 2785 a composite number?
True
Is 80071 a composite number?
False
Is 607417 prime?
True
Is 3362363 a prime number?
True
Is 48017 a prime number?
True
Is 13309 composite?
False
Is 15223 prime?
False
Is 159703 a prime number?
False
Is 6463 composite?
True
Is 74113 a composite number?
True
Is 19627 a composite number?
True
Is 26813 composite?
False
Is 3181 a prime number?
True
Is 202651 prime?
False
Is 470803 a prime number?
False
Is 41889 composite?
True
Is 90971 prime?
True
Is 796063 composite?
False
Is 267 a composite number?
True
Is 478 composite?
True
Is 54933 composite?
True
Is 601319 composite?
False
Is 69985 a composite number?
True
Is 62269 prime?
False
Is 16255 prime?
False
Is 6163 prime?
True
Is 59093 prime?
True
Is 11677 a composite number?
False
Is 3785 prime?
False
Is 17893 a prime number?
False
Is 1915 prime?
False
Is 149 a prime number?
True
Is 6595 prime?
False
Is 47237 composite?
False
Is 391 a prime number?
False
Is 6595 prime?
False
Is 40081 a prime number?
False
Is 18499 composite?
True
Is 40063 a prime number?
True
Is 28682 composite?
True
Is 38723 a composite number?
False
Is 22822 a composite number?
True
Is 152107 a composite number?
True
Is 312043 prime?
True
Is 13901 a composite number?
False
Is 1637 prime?
True
Is 4574 a composite number?
True
Is 37217 composite?
False
Is 49255 composite?
True
Is 21121 composite?
False
Is 8885 prime?
False
Is 627251 a composite number?
False
Is 165461 prime?
False
Is 1444341 a prime number?
False
Is 541 a prime number?
True
Is 119507 prime?
False
Is 27037 a composite number?
True
Is 242041 a prime number?
False
Is 56701 a prime number?
True
Is 281098 a prime number?
False
Is 73199 a prime number?
False
Is 494251 a composite number?
False
Is 23455 a composite number?
True
Is 2565937 a composite number?
True
Is 270499 composite?
True
Is 103909 composite?
True
Is 82387 a composite number?
False
Is 19307 a prime number?
False
Is 6911 a composite number?
False
Is 14961 a prime number?
False
Is 37463 a prime number?
True
Is 4499 prime?
False
Is 4091 composite?
False
Is 70043 a composite number?
True
Is 85733 prime?
True
Is 149813 composite?
True
Is 60713 composite?
True
Is 1009 a composite number?
False
Is 5669 a prime number?
True
Is 3210653 a composite number?
False
Is 269317 composite?
False
Is 572993 a composite number?
False
Is 1831501 a prime number?
False
Is 167837 a composite number?
True
Is 2000597 a prime number?
True
Is 1297591 a prime number?
False
Is 13523 a composite number?
False
Is 11027 a composite number?
False
Is 52795 composite?
True
Is 442201 prime?
True
Is 235003 composite?
False
Is 325843 prime?
False
Is 9155 composite?
True
Is 189097 a composite number?
True
Is 75727 composite?
True
Is 43661 a composite number?
False
Is 832253 a prime number?
True
Is 12811 composite?
True
Is 1531083 a prime number?
False
Is 36817 a composite number?
True
Is 5317 a composite number?
True
Is 1847 a prime number?
True
Is 195791 prime?
True
Is 14439 a composite number?
True
Is 1114499 a composite number?
True
Is 74677 prime?
False
Is 105445 prime?
False
Is 357229 prime?
True
Is 240641 prime?
True
Is 347329 a composite number?
False
Is 1400411 prime?
True
Is 561019 prime?
True
Is 10589 a composite number?
False
Is 818833 a composite number?
True
Is 98317 prime?
True
Is 2331121 prime?
False
Is 11801 prime?
True
Is 41669 a prime number?
True
Is 2819 a composite number?
False
Is 861173 prime?
False
Is 262511 a prime number?
True
Is 233 a prime number?
True
Is 1982 a composite number?
True
Is 2059 composite?
True
Is 49297 prime?
True
Is 58061 composite?
False
Is 39167 a composite number?
True
Is 492481 prime?
False
Is 11299 prime?
True
Is 377287 a prime number?
True
Is 122627 a prime